termine l(h).
18
Let q(j) = -j**3 + 5*j**2 - 5*j + 3. Suppose -5*l + 46 + 14 = 0. Suppose -2*y + 7*y + 40 = 0. Let i = l + y. Calculate q(i).
-1
Let g(y) be the first derivative of y**6/120 - 3*y**5/20 + y**4/3 + y**3 + 2*y**2 - 33. Let k(c) be the second derivative of g(c). Determine k(8).
6
Let z(m) = -2*m**2 + 2*m + 469*m**3 + 9*m**2 + 9 - 235*m**3 - 233*m**3. Let d = -17 - -46. Suppose -4*b + 1 = d. Determine z(b).
-5
Let r(b) = b + 3. Suppose 4*s + 24 = 3*u, 3*u - 15 - 9 = s. Suppose g - 5 = u. Let y = 8 - g. What is r(y)?
-2
Let r(c) = 165*c**2 - 2*c - 1. Let d be r(-1). Suppose -d*l + 2 = -168*l. Let o(w) = -6*w**2 + 1. Give o(l).
-5
Let v(w) = w - 17. Let l be v(22). Let a(m) be the third derivative of -m**5/60 + 7*m**4/24 - m**3 - m**2. Give a(l).
4
Let o(h) = -5 + 7 + 7 + 0*h + h. Let n(d) = 6*d + 44. Let i(r) = 2*n(r) - 11*o(r). Let f be i(7). Let t(v) = 2*v + 6. Calculate t(f).
-2
Suppose 54*q - 56*q = -8. Let n(c) = q + c - 2*c - 6*c + 6*c. Give n(-5).
9
Let b(l) be the third derivative of l**5/60 - 7*l**4/24 - 2*l**3/3 - 531*l**2. Let y = 2 - -6. Give b(y).
4
Let g = -61 + 63. Let q(o) = -6 - 9*o**3 - 9*o**g + 8*o**3 - o + 0*o**3. Give q(-9).
3
Let u be (-3)/24 - 1407/(-56). Let w = u - 21. Let r(b) = b**3 - 4*b**2 + b - 2. Calculate r(w).
2
Suppose -174 + 84 = -15*c. Let i(j) = j**3 - 7*j**2 + 6*j + 7. What is i(c)?
7
Let w(o) be the third derivative of o**4/24 - 11*o**3/6 - 15*o**2 + 7*o. What is w(11)?
0
Let x(p) = -p**2 + 17*p + 39. Let l be x(19). Let u(c) = 10*c**3 + 4*c**2 + 10*c. Let f(w) = 7*w**3 + 3*w**2 + 7*w. Let t(d) = -7*f(d) + 5*u(d). Determine t(l).
1
Suppose -i + 5*s + 28 = 6, -2*i + 100 = 4*s. Let x be 54/i + 4/(-14). Let p(w) = 4*w - 1. Determine p(x).
3
Let q(s) = s**2 - 4*s + 3. Let l(x) = x**3 - 14*x**2 - 6*x - 17. Let j be l(15). Suppose -115*g = -j*g + 6. What is q(g)?
-1
Let o(g) = -g - 2. Let f(a) = -a**3 - 12*a**2 + 11*a - 33. Let s be f(-13). Calculate o(s).
5
Suppose -14*q - 44 = -128. Let m(a) = -5*a**2 + 6*a - 7. Let h(j) = 3*j**2 + 6*j**2 + 5*j + 14 + 0 - 17*j. Let w(x) = 4*h(x) + 7*m(x). Calculate w(q).
7
Let g(p) = -46*p + 285. Let f be g(6). Let b(l) = l**2 - 6*l + 1. Determine b(f).
28
Let h(d) = -d**3 + 2*d**2 + 1. Suppose 7*t = 2*t + 165. Let p = 36 - t. Determine h(p).
-8
Suppose -11 - 4 = 3*q. Let v = 5 + 12. Let x(n) = -16*n**2 + 2 + 5*n - 5 + v*n**2 + 0. Determine x(q).
-3
Let l(z) = -z + 56. Let v be l(50). Let j(t) = -2*t + 14. Determine j(v).
2
Let c(x) = x - 31. Suppose 4*f = 5*f + 90. Let b = -90 - f. Give c(b).
-31
Let n be 6/(3 + -1) + -3. Suppose -30 = -2*y - n*y. Suppose -2*j - 3*j = -y. Let x(f) = -f**3 + 3*f**2 - 2*f + 2. Determine x(j).
-4
Let t = 2149 + -2154. Let v(x) = -x + 3*x + 7 - 3*x + 4*x. Give v(t).
-8
Let s = -59 + 61. Let n(d) = -5*d**2 + 7*d**s + 7*d - 3*d**2 - 2 - 8. Determine n(7).
-10
Let q(v) be the third derivative of -v**5/60 - v**4/3 - 5*v**3/6 + v**2 - 3*v. Calculate q(-6).
7
Let h(k) be the third derivative of k**4/24 - 5*k**3/6 - 49*k**2. Calculate h(-7).
-12
Let d(x) = 9 + 2*x + 2 + 3*x + 29 - 8. Determine d(-7).
-3
Let s(d) = -3*d - 2. Let g = 17 - 15. Suppose -1 = -f, 5 = h - g*f + 3. Let a be (h/(-5))/((-2)/(-10)). Give s(a).
10
Let i(w) = 7*w**2 + 7*w + 45. Let z(q) = 2*q**2 + q - 2. Let u(b) = i(b) - 4*z(b). Calculate u(-6).
-1
Let s(n) = 3*n**2 + 3*n + 2. Suppose -t - 48 = -3*y + 4*t, 0 = -2*y + 4*t + 34. Let g = y + -13. Determine s(g).
8
Suppose 0 = 3*m - 21 + 3. Let k(b) be the first derivative of b**2/2 + 8*b - 1. What is k(m)?
14
Let c(w) = -w**3 + 7*w**2 - w + 10. Suppose 4*m - 8 = 5*d, -9*d = -2*m - 6*d + 2. Determine c(m).
3
Suppose -4*w - s + 12 = -5*s, -s = 3*w - 29. Let m(q) = 10*q + 11 - w*q - 20. What is m(7)?
5
Let u(k) be the second derivative of k**4/12 - k**3/2 - k**2/2 - 2*k + 9. Calculate u(4).
3
Let f(l) be the second derivative of 2*l + 0*l**2 - l**3 + 0 - 1/12*l**4. Let k(h) = h**3 + 5*h**2 - 8*h - 16. Let c be k(-6). Give f(c).
8
Let u(q) be the first derivative of -q**4/4 + 2*q**3 + 13*q**2/2 - 12*q + 288. What is u(8)?
-36
Let u(i) = -2*i - 7. Let r(h) = 4*h + 19. Let o(c) = 2*r(c) + 5*u(c). Give o(-8).
19
Let k be 3 + 18/(-27)*(-27)/(-6). Let q(a) be the second derivative of 5*a + k + 1/2*a**2 - 4/3*a**3. Determine q(1).
-7
Let m(o) = -2*o + 5*o - o. Let t = 3535 - 3527. What is m(t)?
16
Suppose 10 = z + z. Suppose -z*i + 30 - 5 = 0. Let t(u) = -u**3 + 4 + 3*u - i + 3 + 0*u**3. Give t(-2).
4
Let v(k) be the first derivative of -k**4/4 - k**3 - 2*k**2 - 2*k + 251. Determine v(-2).
2
Let w(h) be the first derivative of -h**2/2 - 2*h + 49. Let k be w(-11). Let b(o) = 2*o - 9. Calculate b(k).
9
Let k(l) = l**2 + 6*l + 6. Let r be 48/(-504) - (-88)/42. Suppose -3*y - 3 = -2*y. Let w = y - r. What is k(w)?
1
Let t(b) = b + 1. Suppose -2*q = 2*g - 116, q - 2*q + 4*g = -68. Let z be -1*q/(-6) + -2 + -2. Determine t(z).
7
Let v(p) = 4*p - 13. Let o(r) = 3*r - 12. Let t(u) = -5*o(u) + 4*v(u). Suppose -2*i = -3*i + 10. Let h(b) = 1. Let x(n) = i*h(n) - 2*t(n). Calculate x(-6).
6
Suppose -3*g = 67*b - 62*b - 18, g - 3*b = -8. Let i(f) = -1 + 11*f - 3*f + 1. Calculate i(g).
8
Let d(i) = -2*i**3 - 13 + 8 - 1 + 3*i**3 + 13*i**2. Give d(-13).
-6
Let b be -5 + (5 - -2) - (6 + -1). Let y(g) = 6*g**3 - g**2 + 2*g + 1. Let s = -3 - -7. Let a(q) = -5*q**3 - 2*q. Let h(f) = s*y(f) + 5*a(f). Calculate h(b).
1
Let j(s) = 2*s - 3*s - 9 + 3*s. What is j(9)?
9
Let p be -5*(-8)/20 + 6. Let g = p + -2. Let u(j) = j**2 - 3*j - 7. Give u(g).
11
Let i(k) = -k + 68 - 68. Let a(m) = 2*m - 2. Let d be 24/36 + (-10)/(-3). Let p be a(d). Calculate i(p).
-6
Let k(q) be the third derivative of -q**5/60 - 3*q**4/8 - 5*q**3/6 - q**2 + 9. Calculate k(-8).
3
Let p be 4/6 - (-20)/6. Let l = p + 0. Let f(j) = l - 7*j + 2 + j**2 - 4 - 4. Determine f(6).
-8
Let t(l) = -l**2 - 8*l + 11. Suppose i = -2*z - 14, 41*i + 4*z - 8 = 45*i. Give t(i).
23
Let d(o) = -o**3 - 7*o**2 + o + 7. Let y(l) = l + 12. Let h be y(-10). Suppose 2*c + 31 = -c + h*n, 0 = -c - 5*n + 18. Give d(c).
0
Let j(v) = -v**2 - 4*v - 2. Suppose -4*m + 2*m = -2. Suppose -z - m + 5 = 0. Suppose 3*h - 3*x + 1 = -2, -3*x - 25 = z*h. What is j(h)?
-2
Let f(l) = -l**2 - 4*l + 1. Let u(r) = -r**2 - 5*r. Let x(i) = -3*f(i) + 2*u(i). Determine x(2).
5
Suppose -3*c = 2*c + 30. Let l(j) = j**3 + 5*j - 10*j + j**2 - 8*j**2 - 4. Let x(s) = 2*s**3 - 7*s**2 - 5*s - 4. Let r(n) = 3*l(n) - 2*x(n). Determine r(c).
-10
Let z(x) = -x + 9. Suppose -3*h + 35 = 5. Determine z(h).
-1
Let w(y) = -4*y + 0*y**2 + 13*y**2 - 12*y**2 + 4 - 4*y + 3*y. Let a(b) = b**3 - 6*b**2 + 6*b + 1. Let x be a(5). What is w(x)?
10
Suppose -14*u - 83 = 15. Let g(p) = 2*p + 8. Let q(c) = c + 1. Let f(a) = -g(a) + q(a). Determine f(u).
0
Let b(k) = 15*k - 1. Let c(n) = -76*n + 9. Let m(z) = 5*b(z) + c(z). Calculate m(-4).
8
Let i(m) = 7 - m**3 - m**2 - 3*m**2 + 2*m**3 - 12 - m**2. Suppose 0 = -3*s - 3*o + 3, -3*s - 4*o + 0 = 1. What is i(s)?
-5
Let h(z) = 2*z + 11. Let a be 1 - (-4 + 40)/4. What is h(a)?
-5
Let r(g) be the third derivative of 1/24*g**4 + 1/2*g**3 + 0 + 24*g - 2*g**2. What is r(3)?
6
Let y(t) = -5*t. Let n be 0 + 22*3/(-3). Let z = -23 - n. Give y(z).
5
Let t(l) be the third derivative of -l**5/20 - l**4/8 + l**3/3 - l**2 + 48. Determine t(2).
-16
Let j(h) = h**2 + 5*h - 5. Let b be j(-6). Let f = b + -1. Let y(l) = 3 + 8 + 4*l - 3*l + l**3. Determine y(f).
11
Suppose -66*l - 1440 = 6*l. Let w(f) = -5*f - 105. Give w(l).
-5
Suppose -4 - 21 = -5*z. Suppose 64 - 78 = -7*x. Let s(i) = -i - 6*i - 154 + 81 + i**x + 77. Determine s(z).
-6
Let n(b) = 4 + 0 - 231805*b + 231814*b. Give n(-4).
-32
Suppose -3*d + 8 = -4. Let u(s) = 3*s - 3. Give u(d).
9
Let c = -6 - -12. Suppose 0 = l - c*l. Let f(v) = 1 + l*v - 9 + 2*v - v. Give f(5).
-3
Let i(j) = -j**3 + 2*j**2. Let m be ((-6)/(-4))/(5/10). Suppose -m*o - 60 = 24. Let z be o/(-8)*12/21. What is i(z)?
0
Let i(j) be the second derivative of -j**5/20 - 7*j**4/12 - 5*j**3/3 - 9*j**2/2 + 2*j - 132. Suppose -x + 3*x + 3*g + 3 = 0, -4*x = -3*g + 33. Give i(x).
15
Let t(h) = 2*h**2 - 2*h - 3. Let c(g) = -2*g**2 + 2*g + 4. Let d(b) = 4*c(b) + 5*t(b). Let u(i) = -i**2 - 5*i - 5. Let k be u(-2). Calculate d(k).
1
Let x(c) = 3*c - 2. Let q be x(-2). Let n(u) = u**3 + 11*u**2 + 6*u + 9. Let v(f) = -2